14
-33d
Convert -154b (base 15) to base 6.
-33055
12044 (base 5) to base 14
483
What is 747 (base 9) in base 13?
37c
Convert 21131 (base 4) to base 13.
377
-31445 (base 8) to base 7
-53113
What is 5910 (base 13) in base 2?
11000011100111
Convert bc5 (base 15) to base 10.
2660
Convert -bdc0 (base 16) to base 13.
-19158
-130313 (base 5) to base 11
-3901
What is 30003 (base 7) in base 8?
16046
1011010000 (base 2) to base 16
2d0
Convert -7405 (base 10) to base 4.
-1303231
Convert 15 (base 6) to base 5.
21
-24354 (base 6) to base 10
-3598
-187b (base 13) to base 12
-2143
What is -60a6 (base 14) in base 8?
-40342
1128 (base 9) to base 10
836
What is -1383 (base 10) in base 15?
-623
9937 (base 11) to base 3
122222111
-1101 (base 13) to base 3
-10020200
What is -71401 (base 8) in base 4?
-13030001
1200234 (base 5) to base 13
9cb0
Convert -6d7 (base 15) to base 14.
-7cc
11100111001 (base 2) to base 6
12321
What is -153253 (base 6) in base 9?
-22526
-47 (base 11) to base 3
-1220
What is -10111110011 (base 2) in base 3?
-2002102
-101022 (base 4) to base 16
-44a
What is 189 (base 13) in base 10?
282
10012222102 (base 3) to base 11
43703
What is -1535 (base 6) in base 10?
-419
11669 (base 10) to base 15
36ce
What is 33403 (base 5) in base 4?
210301
Convert 870 (base 11) to base 8.
2025
23c3a (base 14) to base 2
10101010110101100
5331 (base 7) to base 13
b1c
Convert -14511 (base 7) to base 9.
-5463
Convert 1aa (base 15) to base 11.
320
What is -6a5 (base 14) in base 8?
-2451
4a5a (base 12) to base 7
33361
What is -32a (base 15) in base 13?
-430
Convert 110101110 (base 2) to base 9.
527
What is -1d0 (base 15) in base 13?
-264
Convert 17084 (base 12) to base 8.
100244
1060 (base 7) to base 6
1441
-12212210 (base 4) to base 13
-c404
Convert -47544 (base 9) to base 5.
-2004132
-1e8 (base 16) to base 6
-2132
What is -15023 (base 10) in base 4?
-3222233
Convert -1111202 (base 4) to base 16.
-1562
6466 (base 14) to base 15
520d
Convert 255 (base 12) to base 14.
1b3
-10110000000 (base 2) to base 9
-1834
-112122020 (base 3) to base 5
-320141
Convert b3 (base 15) to base 7.
330
What is -2010220 (base 3) in base 16?
-61b
-210 (base 11) to base 6
-1101
What is 26083 (base 9) in base 6?
213203
Convert -41201 (base 5) to base 8.
-5164
c50 (base 15) to base 14
1023
-111002212 (base 3) to base 2
-10010101010010
Convert -41c (base 13) to base 4.
-22331
What is 3365 (base 11) in base 13?
2027
-11213 (base 6) to base 11
-1219
What is -3202322 (base 4) in base 8?
-34272
What is 1112121 (base 3) in base 12?
797
Convert 330400 (base 6) to base 9.
41470
What is 110101001010001 (base 2) in base 15?
80e7
-100000010111111 (base 2) to base 12
-9713
7849 (base 16) to base 12
159a1
What is 3165 (base 16) in base 10?
12645
What is -10583 (base 9) in base 7?
-26346
What is 244 (base 10) in base 2?
11110100
Convert -10022222 (base 3) to base 6.
-15125
-313b5 (base 12) to base 7
-356030
1311312 (base 4) to base 13
3582
What is 324 (base 7) in base 10?
165
What is 3605 (base 15) in base 7?
45320
-7826 (base 9) to base 2
-1011010001111
What is 17a (base 11) in base 9?
251
-220312 (base 5) to base 7
-31051
Convert 4502 (base 6) to base 4.
100112
-2d0 (base 14) to base 7
-1450
Convert 14100 (base 6) to base 2.
100010010100
What is 21510 (base 10) in base 4?
11100012
What is 92 (base 11) in base 14?
73
Convert 1145 (base 7) to base 11.
357
Convert 120123 (base 4) to base 3.
2010220
What is 5766 (base 11) in base 12?
4472
What is -221012021 (base 3) in base 14?
-699d
-172 (base 12) to base 15
-105
-1100010001 (base 2) to base 5
-11120
4b14 (base 12) to base 5
233022
What is 2594 (base 11) in base 16?
d2a
Convert 335 (base 7) to base 9.
212
101100100011 (base 2) to base 11
2162
-3280 (base 11) to base 14
-180b
Convert -22310 (base 4) to base 13.
-413
Convert 47072 (base 9) to base 14.
b63a
Convert 25226 (base 7) to base 2.
1100111101011
Convert -667 (base 12) to base 10.
-943
13474 (base 8) to base 9
8138
What is 3416 (base 7) in base 4?
103112
110 (base 16) to base 11
228
What is 2b1 (base 13) in base 4?
13202
Convert -16453 (base 7) to base 12.
-2871
-684 (base 9) to base 12
-3aa
-2204 (base 6) to base 4
-13330
Convert -136c (base 14) to base 5.
-102203
Convert -42e (base 16) to base 6.
-4542
What is -22013 (base 5) in base 8?
-2744
Convert -120011201 (base 3) to base 13.
-505c
Convert 2055 (base 6) to base 10.
467
-11210111 (base 3) to base 14
-13ba
3506 (base 12) to base 6
43210
-1375 (base 11) to base 2
-11011110000
Convert 4221 (base 6) to base 10.
949
Convert -32603 (base 8) to base 10.
-13699
What is -13243 (base 7) in base 9?
-4784
What is -10c9 (base 15) in base 4?
-313230
Convert -61652 (base 8) to base 13.
-b7c8
What is 310420 (base 5) in base 8?
23576
5164 (base 7) to base 11
13a6
What is 4441 (base 7) in base 5?
22342
-2212321 (base 4) to base 16
-29b9
406 (base 7) to base 15
d7
What is 2c7 (base 14) in base 6?
2343
Convert 70366 (base 8) to base 15.
887d
What is 405 (base 14) in base 3?
1002020
Convert -905 (base 13) to base 7.
-4310
Convert 1221020 (base 3) to base 13.
846
What is 271 (base 8) in base 13?
113
Convert 2002011 (base 4) to base 16.
2085
b54 (base 16) to base 13
1421
What is -30131 (base 4) in base 14?
-40d
What is -3121 (base 4) in base 12?
-161
65990 (base 10) to base 7
363251
What is -158b3 (base 13) in base 10?
-41044
Convert -1011111001110101 (base 2) to base 3.
-2110212211
Convert -4244 (base 9) to base 2.
-110000101110
-31730 (base 8) to base 4
-3033120
What is 378 (base 16) in base 13?
534
Convert -17756 (base 11) to base 4.
-12010202
252 (base 16) to base 7
1506
72216 (base 9) to base 4
23213022
Convert -39c (base 16) to base 15.
-419
Convert 100010101110010 (base 2) to base 16.
4572
-3403 (base 6) to base 11
-663
What is -543 (base 14) in base 16?
-40f
What is -281 (base 13) in base 10?
-443
Convert 32a5 (base 15) to base 7.
43166
Convert 204201 (base 6) to base 14.
601b
What is -203201 (base 4) in base 13?
-105b
Convert -173 (base 16) to base 8.
-563
-189 (base 13) to base 7
-552
What is -14b9 (base 14) in base 2?
-111001101011
What is 2422 (base 5) in base 7?
1025
What is 212012 (base 3) in base 10?
626
What is -110010011 (base 2) in base 16?
-193
2248 (base 14) to base 7
23221
What is 171 (base 8) in base 15?
81
Convert 1000101101 (base 2) to base 12.
3a5
Convert -9490 (base 11) to base 2.
-11000100010010
Convert -20a6 (base 11) to base 2.
-101011011010
What is 33302 (base 6) in base 7?
16355
What is -215 (base 8) in base 6?
-353
Convert 202563 (base 7) to base 2.
1000011100011110
What is -1133 (base 4) in base 2?
-1011111
What is 114315 (base 6) in base 10?
10055
Convert -5cf (base 16) to base 13.
-8a5
603 (base 10) to base 6
2443
Convert -54a (base 13) to base 9.
-1217
What is 14010 (base 7) in base 3?
12012000
Convert -286 (base 10) to base 16.
-11e
Convert 24375 (base 10) to base 15.
7350
65 (base 7) to base 3
1202
2110111112 (base 3) to base 13
190b2
What is -1011101110 (base 2) in base 5?
-11000
1a783 (base 13) to base 7
304040
-15311 (base 7) to base 16
-10af
-604 (base 8) to base 2
-110000100
Convert 21225 (base 6) to base 2.
101101010001
Convert 10201201 (base 3) to base 13.
1312
Convert 1000010100 (base 2) to base 12.
384
Convert 4011 (base 5) to base 11.
420
3f3a (base 16) to base 4
3330322
Convert -a57 (base 12) to base 16.
-5e3
-22020211 (base 3) to base 4
-1132000
-11101011110 (base 2) to base 5
-30021
What is 12012202 (base 3) in base 8?
7330
Convert 10001100 (base 2) to base 5.
1030
What is 131213 (base 5) in base 2?
1010000111111
What is -ca (base 16) in base 8?
-312
-483 (base 12) to base 4
-22203
Convert -10210020 (base 3) to base 6.
-20440
Convert -101002210 (base 3) to base 6.
-54033
What is 3547 (base 9) in base 11?
1a86
What is 104213 (base 5) in base 8?
7143
-112200 (base 3) to base 5
-3041
What is 8b63 (base 12) in base 14?
58dd
Convert 450 (base 7) to base 2.
11100111
-5dc (base 14) to base 13
-6c4
Convert -51 (base 9) to base 11.
-42
What is -5820 (base 12) in base 8?
-23130
What is 353 (base 9) in base 4?
10203
What is 62405 (base 7) in base 16?
3bbd
Convert 1435 (base 10) to base 14.
747
Convert 10021011 (base 3) to base 10.
2380
Convert 3025 (base 8) to base 4.
120111
Convert -7b (base 14) to base 4.
-1231
Convert -15034